s -60c - d66a?
-dc77
In base 8, what is -24713534 + -241?
-24713775
In base 15, what is 43 - -3823?
3866
In base 16, what is 373b3 - -2f6?
376a9
In base 7, what is -2 - -15102642?
15102640
In base 5, what is -4320 + 31302?
21432
In base 8, what is 3345 - 61265?
-55720
In base 11, what is 65 + -26739?
-26684
In base 13, what is -1072024 - 97?
-10720bb
In base 5, what is 1044 + -40332403?
-40331304
In base 11, what is 124 - -178aa0?
179114
In base 16, what is -5 + 237c9d7?
237c9d2
In base 4, what is 3 + -2021221220?
-2021221211
In base 9, what is 1 + -160055842?
-160055841
In base 12, what is 5646b - 13?
56458
In base 5, what is 14210320 - 14140?
14141130
In base 7, what is 16504426 - -2?
16504431
In base 12, what is -633260 + 6?
-633256
In base 16, what is b5 - 928b?
-91d6
In base 10, what is -58898 + 123?
-58775
In base 4, what is -102200300213 + 110?
-102200300103
In base 14, what is -4 - 282baca7?
-282bacab
In base 7, what is -25165 + -456261?
-514456
In base 2, what is -100 + 1100000110000100111001?
1100000110000100110101
In base 2, what is -11110 + 1010010011110110100000?
1010010011110110000010
In base 7, what is -10162 + 565003?
554511
In base 14, what is -268 - 3aa56?
-3acc0
In base 15, what is -1abd5334 + 4?
-1abd5330
In base 3, what is 11122 + 22011211100202?
22011211112101
In base 8, what is 4 - 2334476?
-2334472
In base 5, what is -1 - -2224314340?
2224314334
In base 11, what is -21 + 191465?
191444
In base 4, what is -11301 + -1111201031?
-1111212332
In base 2, what is -10101001101011010010101 - 1000?
-10101001101011010011101
In base 8, what is 135 - -15550?
15705
In base 5, what is -11413 - -43302?
31334
In base 10, what is -2 - 1911918?
-1911920
In base 2, what is -1100110000010001111000 + 1?
-1100110000010001110111
In base 3, what is -121012100210222 - -122?
-121012100210100
In base 6, what is -1144404 - 5023?
-1153431
In base 10, what is -8 - -9258?
9250
In base 8, what is 2 - -12425417?
12425421
In base 11, what is -22658590 + 3?
-22658588
In base 10, what is 3065 - -1563?
4628
In base 9, what is -1726 + 56051?
54224
In base 8, what is 756267 - 131?
756136
In base 3, what is 11011 - 1021202201?
-1021121120
In base 12, what is 1179b8a6 - 2?
1179b8a4
In base 10, what is -357870 + 43?
-357827
In base 9, what is 41045573 + 1?
41045574
In base 10, what is 144919 - 9?
144910
In base 8, what is 0 + 7726555?
7726555
In base 7, what is 5 + -5246540343?
-5246540335
In base 13, what is -50c141 + 6?
-50c138
In base 9, what is -4 + 71225334?
71225330
In base 11, what is -10013 + 6a07?
-4107
In base 2, what is -100011010 + -10110111001000001000?
-10110111001100100010
In base 9, what is 12520732 + -6?
12520725
In base 10, what is -42 + -921185?
-921227
In base 3, what is -100100000 - 121112?
-100221112
In base 10, what is 6 - 2197256?
-2197250
In base 2, what is 1001 - 1101000010110010011?
-1101000010110001010
In base 5, what is 31120410324 + 11?
31120410340
In base 6, what is 4 + -232015420?
-232015412
In base 11, what is 4a812 - -194a?
51661
In base 10, what is -26 + 10382027?
10382001
In base 15, what is 1e74 + -1718?
75b
In base 9, what is 320 - 312578?
-312258
In base 9, what is 57 + 1148861?
1150028
In base 3, what is -1011110212110202 + -101?
-1011110212111010
In base 10, what is -7190 + 1464?
-5726
In base 2, what is 100111111110 + 11011101111100?
100000101111010
In base 5, what is 3034 - -1011402?
1014441
In base 2, what is -1011 + -1010111101100001100110?
-1010111101100001110001
In base 13, what is b52a16 + 7?
b52a20
In base 12, what is 217209 - -45?
217252
In base 7, what is -44 - -316605?
316531
In base 4, what is 122013 - -1201121?
1323200
In base 3, what is 201 + -111010211211112?
-111010211210211
In base 15, what is 9e60283 + 3?
9e60286
In base 14, what is dcb3d + d?
dcb4c
In base 4, what is -211312103123 - -112?
-211312103011
In base 14, what is -2 - 9a55b47?
-9a55b49
In base 8, what is 1 - -7141342?
7141343
In base 15, what is -2ae589 - 2?
-2ae58b
In base 3, what is -10201 - 1221110012000?
-1221110022201
In base 13, what is -121404b - c?
-121405a
In base 9, what is 230 - 148751?
-148521
In base 15, what is 3 - 5794c?
-57949
In base 3, what is 10220220211 + 202?
10220221120
In base 16, what is 25ae - 75e3?
-5035
In base 4, what is 2 + 10302201300020?
10302201300022
In base 12, what is 243326b - 4?
2433267
In base 16, what is -139 - -24c43?
24b0a
In base 9, what is -3 - -26254060?
26254056
In base 13, what is 336c3a - -33?
336c70
In base 2, what is 100101101011 + -1000010101000?
-11100111101
In base 3, what is -220102 - 1100011102122?
-1100012100001
In base 14, what is -4a8d84 + 7?
-4a8d7b
In base 6, what is 502532054 - -4?
502532102
In base 4, what is 100 + -3000121101?
-3000121001
In base 11, what is -65 - -1a99a14?
1a9995a
In base 8, what is -5 - 7014565?
-7014572
In base 8, what is -11607 - 174066?
-205675
In base 8, what is -37 + 122564263?
122564224
In base 6, what is 305053132 + 34?
305053210
In base 8, what is -577512 + 425?
-577065
In base 5, what is 24 + -402412104?
-402412030
In base 10, what is 669 - 147923?
-147254
In base 8, what is 14 + -2044610?
-2044574
In base 15, what is 2984c + ad?
2990a
In base 16, what is 7 + 48a0f?
48a16
In base 11, what is 27a46 + -6a9?
27348
In base 13, what is -57427 - -103?
-57324
In base 6, what is 221 - -132110501?
132111122
In base 2, what is -100001111100 + 1010011011100?
110001100000
In base 9, what is 4 - 3628177?
-3628173
In base 9, what is -12065123 + -2?
-12065125
In base 14, what is -b1b07 - 14d?
-b1c56
In base 7, what is -251426464 + -4?
-251426501
In base 6, what is 33231541315 + -4?
33231541311
In base 11, what is 2 + 2767661?
2767663
In base 5, what is 4 + -3332223302?
-3332223243
In base 9, what is 114 - -3037114?
3037228
In base 14, what is 8174 - 2140?
6034
In base 5, what is 1022430221 - -34?
1022430310
In base 11, what is -3192 - -7a82?
48a0
In base 7, what is -262 + -41664360?
-41664652
In base 16, what is -104cb - -80d?
-fcbe
In base 12, what is -90b2 + -63?
-9155
In base 10, what is 2 + -256245471?
-256245469
In base 16, what is -3d + -38ff40?
-38ff7d
In base 13, what is -4811 + -5c7?
-5108
In base 14, what is -9d6 + 1aaa?
10b4
In base 7, what is 0 + 3040325444?
3040325444
In base 7, what is 241324 + -4161?
234133
In base 3, what is -1120001110 + 120112?
-1112110221
In base 16, what is 7495 - 1a8?
72ed
In base 13, what is 2618 + -5117a?
-4b862
In base 14, what is 177cb29 - 2?
177cb27
In base 5, what is 1 + 1030411004?
1030411010
In base 12, what is -8413146 + 27?
-841311b
In base 2, what is -10101111001110101 + 1000110?
-10101111000101111
In base 6, what is -401021054 - 11?
-401021105
In base 12, what is -2b2b - -73a?
-23b1
In base 15, what is -c70 - 46d5a?
-47aca
In base 12, what is 11 - a74a45?
-a74a34
In base 11, what is 2 - -648863a2?
648863a4
In base 16, what is e56dd + 8?
e56e5
In base 10, what is 727 - -2194?
2921
In base 2, what is 1000011001011000110 + 1010?
1000011001011010000
In base 4, what is 10332213212220 - -3?
10332213212223
In base 12, what is -41 - -89977?
89936
In base 16, what is 65 - 130710?
-1306ab
In base 4, what is 1332203 - -131011?
2123220
In base 15, what is 1568be - -16?
1568d5
In base 13, what is 1 + 3b570041?
3b570042
In base 5, what is -103 + 22444230?
22444122
In base 9, what is 34461853 - 3?
34461850
In base 4, what is -3 - 3011321112?
-3011321121
In base 7, what is -1 + 30665565?
30665564
In base 12, what is 105147a98 + 0?
105147a98
In base 13, what is -1c39479 + c?
-1c3946a
In base 7, what is -42020 - 125560?
-200610
In base 8, what is 114 - -11670510?
11670624
In base 14, what is -305c5bc - -23?
-305c599
In base 7, what is -1006412 + -150?
-1006562
In base 8, what is -27 - 3124333?
-3124362
In base 13, what is -8167 - -149?
-801b
In base 5, what is 4 + 12231424?
12231433
In base 14, what is -25aacb3 - 1?
-25aacb4
In base 4, what is -1 + -103303022331?
-103303022332
In base 2, what is -1111 + 1010010011110001000?
1010010011101111001
In base 16, what is 7da + -abf?
-2e5
In base 16, what is -4ab8e + d?
-4ab81
In base 11, what is 248a4 + -2386?
22519
In base 15, what is 2bd259 + -ba?
2bd18e
In base 8, what is 13275420 + 107?
13275527
In base 14, what is -9286024 - -5?
-928601d
In base 10, what is 23690275 + -52?
23690223
In ba